 3*z(i). Let a(y) = -4*y + 19. Let j(q) = a(q) + 5*o(q). List the prime factors of j(-10).
2
Suppose 30 = 4*o + 3*p - 160, 0 = 2*o - 4*p - 84. Suppose 4*a + 5*h - 77 = 0, -2*a + 5*h = 15 - o. List the prime factors of a.
2, 3
Let d = -10 - -22. What are the prime factors of d?
2, 3
Let n(w) = w**3 + w**2 + w - 1. Let s(i) = 5*i**3 + 6*i - 12. Let m(r) = 6*n(r) - s(r). List the prime factors of m(-5).
31
Let l(f) = 3*f - 2. Let b be l(-2). Let k = b - -5. What are the prime factors of k*2*20/(-12)?
2, 5
Suppose 0 = -m + 5*q - 25, -4*m + q = -2*m + 5. Suppose -3*v + 6*v - 96 = m. What are the prime factors of v?
2
Let h = 31 - -58. List the prime factors of h.
89
Let v be (-4)/(-6) - 130/15. Let f = -6 - v. Let m = 7 - f. What are the prime factors of m?
5
Suppose q = 2*q + 19. Let s = q + 35. What are the prime factors of s?
2
Suppose 2*b = -2 + 12. Suppose 0 = -y - 3*p - 6, 3*p = b*y + 5*p + 69. What are the prime factors of (-6)/15 - 321/y?
3, 7
Let m = -3 - -5. Suppose m*o - 27 = -o. What are the prime factors of o?
3
Let v(c) = -c**3 + c + 2. Suppose 5*i + d = -13, -3*i + 2*d = 2*i + 4. List the prime factors of v(i).
2
Let i(r) = r**2 + 9*r - 11. Let w be i(-8). List the prime factors of (-1 - w) + (-3)/1.
3, 5
Suppose -n - 91 = -l + 5*l, 4*l + 3*n + 81 = 0. Let w = l + 37. List the prime factors of w.
13
Suppose 0 = -4*q + 101 + 39. Suppose 11 - q = -3*p. What are the prime factors of p?
2
Let y be 4 + -1 + (1 - 2). Suppose 0 = -y*s - 0*s + 10. Suppose 3*l + 14 = s*l. What are the prime factors of l?
7
Suppose -t = 3*x + 2*t - 15, 3*x - t = 31. Let p = x + 8. What are the prime factors of p?
17
Suppose -94 - 106 = 4*x. What are the prime factors of (-23)/(-5) - 20/x?
5
Let d = -40 + 57. List the prime factors of d.
17
Let k be 6 + (-3)/(3/1). Let o be 6/4*(-8)/(-6). Suppose -k*a - o = -37. List the prime factors of a.
7
Suppose -4*t = -3*a + t + 125, -5*a + 196 = 4*t. What are the prime factors of a?
2, 5
List the prime factors of -1*(116/(-4) + 4).
5
Let x(i) = i**2 + 5*i - 4. Let g(p) = -p**2 + 6*p + 4. Let d be g(7). Let t(v) = -v**3 - 4*v**2 - 2*v - 3. Let w be t(d). What are the prime factors of x(w)?
2
Suppose 5*z - 14 = 21. Let r = 12 + z. List the prime factors of r.
19
Let k be ((-52)/8)/(1/(-2)). List the prime factors of k/4*(-20)/(-5).
13
Suppose -9 = -5*n - 3*r + 4, 2*r + 8 = 5*n. Suppose -4*k - 55 = -g - 0*g, -2*k = n*g + 30. Let i = -5 - k. What are the prime factors of i?
3
Let h be (-9)/(-12) + (-51)/(-12). Suppose h*i + 3 = 28. What are the prime factors of i?
5
What are the prime factors of (4 + -2)*12*(-34)/(-8)?
2, 3, 17
Let x = 8 + 0. Let p(o) = -4*o - x + o**2 + o**2 + 4. List the prime factors of p(4).
2, 3
Suppose -l = m + 2*m - 11, -2*l - 5*m = -19. Let j be 5 - (4/2)/l. Suppose 4*q + 3*o - 31 = 16, -3*o - 17 = -j*q. What are the prime factors of q?
2
Suppose 1069 = -19*i + 4964. What are the prime factors of i?
5, 41
Suppose 0 = -b + 4*b - 129. What are the prime factors of b?
43
Let i(r) = 5*r**2. Let z = -1 - 0. Let l be i(z). Let j = 11 - l. What are the prime factors of j?
2, 3
Suppose -36 = 6*g - 366. What are the prime factors of g?
5, 11
Suppose 2*o = -4*q + 354, 6*q - 106 = 5*q + 3*o. What are the prime factors of q?
7, 13
Let y be 3 - 0 - 3 - -52. Let z = 79 - y. List the prime factors of z.
3
Let n be (4 - (2 + 1))*3. List the prime factors of 10 + -2 + (4 - n).
3
Suppose 0 = -0*z + 4*z - 12. Suppose z*f - 29 = 10. Let k = -8 + f. What are the prime factors of k?
5
Let s be (6/(-18))/(2/(-18)). Suppose -4*x - 24 = 2*j, 0 = 2*x - 2*j + 15 + s. List the prime factors of (-6)/(9/3) - x.
5
Let g = 32 + -12. List the prime factors of g.
2, 5
Suppose -l + 1 = -0. Let s be (0 - l)/((-6)/12). Suppose -u = -2 - s. List the prime factors of u.
2
Let w = 18 - -2. What are the prime factors of w?
2, 5
Let i = 132 - 230. Let d = -68 - i. What are the prime factors of d?
2, 3, 5
Let r = -5 - -1. Let m = r + 6. What are the prime factors of m + -1 + -1 - -13?
13
Let z(l) = 2*l**2 - 2*l + 1. Let k be z(2). Suppose 2 = -d + k. Suppose -d*h - 4*o - 7 - 3 = 0, -4*h - o = -4. List the prime factors of h.
2
Suppose -15 = 5*y, 0 = 2*p - 5*p - 5*y + 333. What are the prime factors of p?
2, 29
Let m = -5 - -75. List the prime factors of m.
2, 5, 7
Let u(a) = 2*a. Let k be u(4). Suppose 0 = -2*y - 6 - k. Let b = y + 11. List the prime factors of b.
2
Suppose -3*w + 1 = 4. List the prime factors of 27*(2 - (w + 2)).
3
Let r(i) = i**3 + 8*i**2 + 5*i - 9. Let c be r(-7). Suppose -35 = -c*t - 5*f + 5, f = -1. List the prime factors of t.
3
Let u = -8 - -18. Suppose 0 = -2*d + 4*d + u. Let a(c) = -2*c + 6. What are the prime factors of a(d)?
2
Let g be (-6)/(-15) - (-219)/15. Let u = g + -13. What are the prime factors of u?
2
Let g(o) = o**3 + 14*o**2 - 17*o + 21. Let l be g(-15). Let n = l - 18. What are the prime factors of n?
3, 11
Let h(d) = 8 + 4*d**2 - 2 - 5*d**2 - 5*d. What are the prime factors of h(-5)?
2, 3
List the prime factors of (-3)/((-4)/((-224)/(-12))).
2, 7
What are the prime factors of (-4)/6 + 1225/15?
3
Suppose -t = -4 - 3. Let n(d) = 3*d**2 + t*d + 1 - 4*d**2 - 2. List the prime factors of n(5).
3
Let g = 1 - 6. Let l(w) be the second derivative of w**5/20 + 5*w**4/12 + 3*w**2 - 10*w. What are the prime factors of l(g)?
2, 3
Let h(d) = 13*d**2 + d - 1. Let f be h(1). Let a(q) = q**2 - q + 1. Let c be a(-4). Let t = c - f. List the prime factors of t.
2
Suppose 16 = 7*l - 3*l. Suppose -16 = -2*u + l. What are the prime factors of u?
2, 5
Let t(c) = -c + 19. Let x be t(9). What are the prime factors of ((-72)/(-20))/(2/x)?
2, 3
Suppose z = 2*z. Suppose 5*t - 4 = 2*d - 31, -d - 5*t - 9 = z. Suppose 0 = 5*w - 4*w - d. What are the prime factors of w?
2, 3
Let y = 4 - 1. What are the prime factors of y?
3
Let v(s) = 8*s**3 - s. List the prime factors of v(1).
7
Let h(a) be the second derivative of -a**5/20 + a**4/3 + a**3 + 7*a**2/2 + 3*a. Let b be h(5). Suppose -b = -2*v + 6. What are the prime factors of v?
3
Suppose -11*y + 8*y = -105. List the prime factors of y.
5, 7
Suppose -41 = -2*n + 4*y + 31, -12 = -4*y. What are the prime factors of n?
2, 3, 7
Let o be ((-18)/(-21))/(2/14). Suppose -10 = 5*c - 145. List the prime factors of (3 + -1)*c/o.
3
Let n = -2 - -8. Let x = 8 + n. What are the prime factors of x?
2, 7
Let y = 228 + -129. List the prime factors of y/6*(-40)/(-15).
2, 11
Let v(b) = -2*b + 19. Let d(c) = 3*c - 20. Let r(s) = 3*d(s) + 4*v(s). List the prime factors of r(0).
2
Let z(x) = x**2 - 4*x + 8. Let h be z(6). Suppose -t - 4*t - h = 0. What are the prime factors of t/(-18) - (-129)/27?
5
Let w(i) = -i + 18. What are the prime factors of w(15)?
3
Suppose x = -3*l + 23, -23 = x - 2*x + 4*l. List the prime factors of x.
23
Suppose 0*z = -3*z - 6. Let i(t) = -t**3 + 14*t**2 - 14*t + 14. Let w be i(13). What are the prime factors of (-25 + 3)*w/z?
11
Let x(z) = -z**3 - 19*z**2 + 3*z - 27. What are the prime factors of x(-20)?
313
Let m be (-1)/((-2)/12*2). Suppose 4*d + 4*i - 16 = 0, 2*d - m*i = 7*d - 24. List the prime factors of d.
2, 3
Let v(s) = -34*s + 56. What are the prime factors of v(-7)?
2, 3, 7
List the prime factors of 102 + (26/(-10) - 14/35).
3, 11
Let r = 0 - -4. Let n = r - -3. What are the prime factors of n?
7
Let v be (-1)/(-2) - 22/4. What are the prime factors of 6 - (2 + v - -3)?
2, 3
Suppose -4*r + 89 + 7 = 0. What are the prime factors of r?
2, 3
Let f be (-117)/45 + (-2)/5. What are the prime factors of 54 + -4 + 3 + f?
2, 5
Let z = 413 + -57. List the prime factors of z.
2, 89
Suppose -r + 75 = 5*a, 2*a + 3*r + 20 - 50 = 0. What are the prime factors of a?
3, 5
Suppose -4*y = 4*x - 268, 2*x + 3*y - 327 = -3*x. What are the prime factors of x?
3, 7
Suppose 4*b - 66 - 646 = 0. List the prime factors of b.
2, 89
Suppose 68 = 5*x + c, -24 = -5*x - 2*c + 47. What are the prime factors of x?
13
What are the prime factors of (-165)/3*(-2 - -1)?
5, 11
Suppose -4*a + 45 = -2*y + 3*y, 4*y = -a + 165. Suppose j + y = 2*o, -3*j + 4*o - 119 = -o. Let w = -21 - j. What are the prime factors of w?
2, 3
Let t be -60*3/30*-4. Let g = t - 8. What are the prime factors of g?
2
Suppose 4*i - 5*i = -22. Suppose k + 2*w - 13 = 1, 2*k - i = 2*w. Suppose 2*h - k = 6. List the prime factors o